3*j**2 + 1/60*j**5 + 0*j. Determine f(-5).
3
Let t(o) = -3*o + 6. Let p(u) = 4*u - 6. Let s(r) = 5*p(r) + 6*t(r). Determine s(-4).
-2
Let g(p) = -p**3 - p**2 - 1. Let w(z) = -5*z**3 + 2*z**2 - 4*z - 5. Let q(h) = 4*g(h) - w(h). Let m = 19 - 13. Let i be (15/m)/((-2)/(-4)). Give q(i).
-4
Let i = -3 + -1. Let c(v) be the second derivative of -v**4/12 - v**3/6 - 12*v. What is c(i)?
-12
Let a = 435 - 430. Let k(r) = -3*r + 2*r + 2*r - 8. Give k(a).
-3
Let n(f) = -f**3 + 19*f**2 - 18*f + 4. Let m be n(18). Let u(z) = 6*z**2 + 0 - m - 5*z - 3 - z**3. Give u(5).
-7
Let a(v) be the first derivative of v**3/3 - v**2 - v + 12. Calculate a(2).
-1
Let v(r) = r**2 - 5*r - 4. Let h be v(6). Suppose 0 = -o - h*o - 21. Let y(i) = -i**2 - 8*i - 8. Determine y(o).
-1
Let a(n) be the third derivative of n**9/60480 - n**7/2520 - n**5/60 + 3*n**2. Let m(r) be the third derivative of a(r). What is m(-2)?
-4
Let o(j) = -j**3 + 118*j**2 + 2*j**3 - 115*j**2 - 7*j. Give o(-5).
-15
Let c(d) = d**2 + 7*d + 1. Suppose -2*i + i = -2. Let j be i/(-3)*(10 + -1). Determine c(j).
-5
Let w(d) = -3*d - 12. Let v(t) = -2. Let b(o) = -5. Let i(z) = -3*b(z) + 8*v(z). Let h(j) = -15*i(j) + w(j). Calculate h(3).
-6
Let a(w) = w**3 - 12*w**2 + w - 9. Let v be a(12). Let p(t) = -6 - t + 0 + v + 0*t. Determine p(-3).
0
Let m(u) = -u**2 + 4*u. Let g(k) = k**3 - 2*k**2 - 9*k + 8. Let b be g(4). Determine m(b).
0
Let u(w) = 4*w - 2. Let m be 6/(-2) - (-1 - 0). Let c be (1*3)/(m/4). Let g be ((-12)/(-9))/((-4)/c). Determine u(g).
6
Let y(h) = -4*h**3 + 1 - 4 - h - 5*h**2 + 3*h**3 - 3. Suppose 2*z + 2*z = -p - 1, 23 = -4*p + 3*z. Let x = p + 0. Give y(x).
-1
Suppose -4*y + 8 = -0. Let x(t) = 2 + 5*t + 1 - 4. Determine x(y).
9
Let h be 5/(-15) + (-13)/(-3). Let d(q) = -4*q**3 + 2*q**3 + 6 - 4*q + 3*q**3 - 3*q**2. Calculate d(h).
6
Let q(m) = m**3 + m**2. Suppose 10 = 2*f - 0*f. Suppose -2*x - 10 = 2*w, -2*w + 8 = -f*x - 3. What is q(w)?
-4
Suppose 4*w + 5*v - 3 = 0, -3*w + 4*v = 2*v - 8. Let c(q) = w*q**2 + q - q**2 - 2 - 2*q. Calculate c(-2).
4
Let p(f) = -f + 5. Let h = 40 - 34. Determine p(h).
-1
Let v(z) = -z - 5. Let f be v(-4). Let u(h) be the first derivative of 3*h**2/2 - h - 1. Give u(f).
-4
Let d(o) = -o**2 + 7*o - 4. Suppose 8*y - 21 - 35 = 0. Calculate d(y).
-4
Suppose 4*x + 9 = x. Let b(p) = -p**3 + p**2 - 7*p + 2. Let c(d) = d**3 + 8*d - 3. Let y(v) = x*c(v) - 4*b(v). Determine y(3).
4
Let k(y) be the second derivative of 5*y**4/12 - y**3/6 - 9*y. Let m be 1/2 + 1/2. Calculate k(m).
4
Let x(a) = -a**2 + 3*a + 1. Let f(v) = 7*v - 18. Let d be f(3). What is x(d)?
1
Let h(r) = 2*r + 1. Let n(t) = t**2 - 1. Let w(q) = -7*q**2 + 4*q + 2. Let o(s) = 6*n(s) + w(s). Let k be o(4). Let i = k + 7. What is h(i)?
7
Let c(l) be the third derivative of -l**4/24 + l**3/3 + 4*l**2. Give c(-4).
6
Let x(i) be the second derivative of i**4/12 + 5*i**3/3 + 11*i**2/2 - 2*i. Give x(-8).
-5
Let s(f) = -17*f**3 - 7*f**2 + 5. Let i(o) = 8*o**3 + 3*o**2 - 2. Let p(w) = 7*i(w) + 3*s(w). Determine p(1).
6
Let c(y) = -3*y**3 + y + 1. Let t be c(-1). Let n(j) = 16*j - 9*j - 4 + j**2 - 3*j - 5*j. Calculate n(t).
2
Let y be (11/44)/((-3)/(-4)). Let j(a) be the first derivative of -1 - 2*a**2 - a + y*a**3. Give j(3).
-4
Let f(v) = -4*v + 1. Suppose -5*p - 4*c = -15, 0*p - 2*c = 3*p - 7. What is f(p)?
5
Let v = -6 + 8. Let a(j) = 5*j**3 - 8*j**2 + 3*j - 4. Let g(q) = 6*q**3 - 9*q**2 + 3*q - 5. Let i(u) = -5*a(u) + 4*g(u). Calculate i(v).
2
Let a(l) = l**3 + l + 8. Let y be a(0). Let o = y + -9. Let s(g) = -4*g. Give s(o).
4
Let j(u) = -u**2 + 5*u - 3. Let f be j(3). Suppose -2*a = a + f. Let w be ((-3)/(-3))/(a/(-3)). Let o(t) = -t**2 + t + 4. Give o(w).
-2
Let c(g) = g**3 + g**2 + g + 7. Suppose 2*k + 5 = 5*k + 5*f, 0 = -5*f + 5. Determine c(k).
7
Let b be 1*-4*1/1. Let f = b + 4. Let p(t) be the second derivative of t**3/6 - 2*t**2 - 10*t. What is p(f)?
-4
Let r(t) be the third derivative of t**4/24 + 5*t**3/6 - 8*t**2. Determine r(-7).
-2
Let u(s) = -s - 6. Suppose 5*j = -r + 6*r - 45, -r + 2*j = -14. Suppose -5 = -r*b + 3. Suppose b*l - 7 = 3. Calculate u(l).
-11
Let g(q) = -q**3 - 2*q**2 + 3*q - 2. Let v(x) = 4*x + 9. Let r(n) = 7*n + 19. Let t(b) = -3*r(b) + 5*v(b). Let i be t(-9). Give g(i).
-2
Let v(d) = d**2 - 6*d - 2. Let n be (-86)/10 - 3/(-5). Let f = n - -14. Calculate v(f).
-2
Let j(s) = s**2 + 8. Let g be (0 + 1)*0/(-5). Give j(g).
8
Let m(r) = -14*r - 11. Let i(k) = -22*k - 16. Let n(g) = 5*i(g) - 8*m(g). Calculate n(-7).
-6
Let h be 1 - (1 - 1) - (-29 + 23). Let b(u) = -u**3 + 6*u**2 + 6*u + 8. Calculate b(h).
1
Let v(q) = -q + 3. Let c be v(0). Let h(a) = -a**2 - 1. What is h(c)?
-10
Let f be (-1)/(2 - 69/36). Let n = -12 - f. Let t(x) = x + 10. Give t(n).
10
Let f = -1 - -2. Let q(m) = m + 4. Let x(i) = -9*i - 20. Let d(a) = 5*q(a) + x(a). Give d(f).
-4
Suppose -8*j = -28*j - 80. Let r(t) = t + 2. Give r(j).
-2
Let p be 60/14 + (-2)/7. Suppose -p*v - h = v - 12, 12 = 2*v + 4*h. Suppose -17 = -0*c + 2*c + 5*s, 5*c - v*s = 30. Let n(o) = -o**2 + 4*o - 1. Give n(c).
-1
Let u be 7 + (4 + -3 - (2 - 0)). Let o(v) = -v. Determine o(u).
-6
Suppose -p - 5*k = 4 + 8, -k = -4*p + 15. Let m(s) = p - 2*s + 2 - 4. Let q(z) = z**3 - 3*z**2 - 10*z + 28. Let j be q(4). Give m(j).
-7
Let y(k) be the first derivative of k**4/4 + 7*k**3/3 + 3*k**2 - 6*k + 1. Suppose -5*d - 5 = 25. Give y(d).
-6
Let j(w) = -w**3 - w**2 - w - 1. Let k be j(-1). Suppose -6*t + 11 = -1. Let o(f) = -4 + 3 + k*f**t + f + f**2. What is o(0)?
-1
Let t(n) = -n**3 - n - 1. Let j(u) = 0*u + 4*u**3 + 4*u**2 + 1 + 0 - u + 5*u. Let h(c) = -j(c) - 3*t(c). Determine h(-2).
-4
Let n(y) = -y**2 - y - 1. Let x = -32 + 19. Let c = x + 16. Determine n(c).
-13
Let w(h) = -h**3 - h**2 + 3*h - 4. Let c = 8 + -11. Let n be w(c). Let u(o) = o**3 - 5*o**2 + 6. Calculate u(n).
6
Let t(p) = 0*p**3 + 4*p**2 - 7 + 2*p - 2*p**3 - 9*p**2 + 3*p**3. What is t(5)?
3
Let d(f) = -5*f + 3. Let z(n) = 26*n - 16. Let a(c) = -11*d(c) - 2*z(c). Determine a(6).
17
Let k be 4 + 4*-2 + 9. Suppose -k*u - 3*p = 17, 4*u - 2*u = -2*p - 6. Let z(d) = 4*d**2 + 1 + d - 1 + d**3. Determine z(u).
-4
Let j(r) = -4*r**2 + 2*r**2 + 0*r + r + 4*r**3 - 2*r**3. Let z be (2 - 0)/(2/(-3)). Let u(q) = -q**2 - 3*q + 2. Let i be u(z). Calculate j(i).
10
Let p(q) = q**2 - 8*q. Let d be p(6). Let l be 4/6 + 8/d. Let b(s) = -5*s + l*s + 6*s. Determine b(-2).
-2
Let s(h) = h + 5. Let y(z) = z. Let d be y(3). Suppose 0 = 2*t - d*g + 8, 2*t = 5*g - 8 - 8. Suppose 5 = -t*f - 3. What is s(f)?
1
Let o(q) = -q + 5. Let s be o(5). Suppose s = -3*h - 2*t - t, -5*h - 21 = -2*t. Let a(y) = 1 + y - 1. Calculate a(h).
-3
Let x = 1 + 4. Let f(d) = -x - 12*d + 12*d + d**3. Give f(0).
-5
Let t = 12 + -7. Suppose p + t = 6*p. Let a(z) = -3*z. What is a(p)?
-3
Let q(s) = s + 2. Let l be q(0). Let g be 3/(-6)*l*-2. Suppose 0 = -g*y - 3*y - 5. Let u(i) = -13*i - 1. Determine u(y).
12
Let i(a) = a**2 - 342*a + 340*a - 1 - 1 + a**3. Calculate i(-2).
-2
Let y = 11 + -15. Let t(o) = -4*o + 2*o**2 + o**3 + o**2 + 2*o + 5. Determine t(y).
-3
Let b(i) = 6*i**2 - 1. Suppose -6*a + 22 - 16 = 0. What is b(a)?
5
Let r be -2 - (-9 + 5 + -2). Let z(l) = 0 - r - 2 + 2 + 2*l. Give z(3).
2
Let q(u) be the first derivative of -u**3/3 - u**2 + 3*u + 5. Give q(-4).
-5
Let n(g) = -4*g - 1. Suppose -5*c - 5*t - 2 = 3, -5*t = 3*c + 7. Let k = c - 3. Give n(k).
7
Let y = 45 - 31. Let x = -20 + y. Let i(u) = -u + 1. Give i(x).
7
Suppose m = -0*m. Suppose 2*y + 2 = 2*k + 10, m = y + 2*k + 2. Let g(j) = -j + 1. Give g(y).
-1
Let d = 1 - 2. Let a(m) be the second derivative of m**8/960 + m**7/2520 + m**6/720 + m**4/6 + m. Let l(u) be the third derivative of a(u). Determine l(d).
-7
Let y(x) = 6*x**3 + 11*x**2 - 4*x + 9. Let g = -10 - -4. Let t(o) = -5*o**3 - 10*o**2 + 4*o - 8. Let z(u) = g*y(u) - 7*t(u). Calculate z(3).
-1
Let h be ((-15)/(-12) + -1)*2. Let j(l) be the second derivative of l**2 + h*l**3 - l + 0. Give j(2).
8
Let r(z) = -z - 7. Let i(o) = -3*o - 20. Let a(h) = -3*i(h) + 8*r(h). Determine a(-9).
-5
Let s(p) = -p**2 + 7*p. Let o be s(6). Let d(t) = t**3 - 5*t**2 - 5*t - 7. Give d(o).
-1
Let x = 193 - 190. Let m(s) be the second derivative of -s**3/3 - s**2/2 - 2*s. What is m(x)?
-7
Let k(s) = 1 - s + 0 + 6*s**2 + 5. Let d(r)